{"id":79,"date":"2024-06-20T09:52:05","date_gmt":"2024-06-20T07:52:05","guid":{"rendered":"https:\/\/dmal.eleves.mediamatique.ch\/Yvonand-Yachting\/?post_type=product&#038;p=79"},"modified":"2024-06-20T11:06:44","modified_gmt":"2024-06-20T09:06:44","slug":"yacht-de-luxe","status":"publish","type":"product","link":"https:\/\/dmal.eleves.mediamatique.ch\/Yvonand-Yachting\/produit\/yacht-de-luxe\/","title":{"rendered":"Yacht de luxe"},"content":{"rendered":"<p>Explorez les mers avec \u00e9l\u00e9gance \u00e0 bord de notre Yacht de Luxe. Con\u00e7u pour les amateurs de navigation exigeants, ce navire incarne le summum du confort et de la performance. Chaque d\u00e9tail a \u00e9t\u00e9 m\u00e9ticuleusement pens\u00e9, des espaces de vie somptueux \u00e0 la technologie de pointe int\u00e9gr\u00e9e. Que vous souhaitiez des aventures en haute mer ou des moments de d\u00e9tente \u00e0 bord, notre Yacht de Luxe offre une exp\u00e9rience in\u00e9gal\u00e9e.<\/p>\n","protected":false},"excerpt":{"rendered":"<p>Explorez les mers avec \u00e9l\u00e9gance \u00e0 bord de notre Yacht de Luxe. Con\u00e7u pour les amateurs de navigation exigeants, ce navire incarne le summum du confort et de la performance. Chaque d\u00e9tail a \u00e9t\u00e9 m\u00e9ticuleusement pens\u00e9, des espaces de vie somptueux \u00e0 la technologie de pointe int\u00e9gr\u00e9e. Que vous souhaitiez des aventures en haute mer [&hellip;]<\/p>\n","protected":false},"featured_media":80,"comment_status":"open","ping_status":"closed","template":"","meta":[],"product_cat":[16],"product_tag":[],"class_list":{"0":"post-79","1":"product","2":"type-product","3":"status-publish","4":"has-post-thumbnail","6":"product_cat-non-classe","8":"first","9":"instock","10":"featured","11":"shipping-taxable","12":"purchasable","13":"product-type-variable"},"yoast_head":"<!-- This site is optimized with the Yoast SEO plugin v22.9 - https:\/\/yoast.com\/wordpress\/plugins\/seo\/ -->\n<title>Yacht de luxe - yvonand-yachting<\/title>\n<meta name=\"robots\" content=\"index, follow, max-snippet:-1, max-image-preview:large, max-video-preview:-1\" \/>\n<link rel=\"canonical\" href=\"https:\/\/dmal.eleves.mediamatique.ch\/Yvonand-Yachting\/produit\/yacht-de-luxe\/\" \/>\n<meta property=\"og:locale\" content=\"fr_FR\" \/>\n<meta property=\"og:type\" content=\"article\" \/>\n<meta property=\"og:title\" content=\"Yacht de luxe - yvonand-yachting\" \/>\n<meta property=\"og:description\" content=\"Explorez les mers avec \u00e9l\u00e9gance \u00e0 bord de notre Yacht de Luxe. Con\u00e7u pour les amateurs de navigation exigeants, ce navire incarne le summum du confort et de la performance. Chaque d\u00e9tail a \u00e9t\u00e9 m\u00e9ticuleusement pens\u00e9, des espaces de vie somptueux \u00e0 la technologie de pointe int\u00e9gr\u00e9e. Que vous souhaitiez des aventures en haute mer [&hellip;]\" \/>\n<meta property=\"og:url\" content=\"https:\/\/dmal.eleves.mediamatique.ch\/Yvonand-Yachting\/produit\/yacht-de-luxe\/\" \/>\n<meta property=\"og:site_name\" content=\"yvonand-yachting\" \/>\n<meta property=\"article:publisher\" content=\"https:\/\/facebook.com\/yvonadyachting\" \/>\n<meta property=\"article:modified_time\" content=\"2024-06-20T09:06:44+00:00\" \/>\n<meta property=\"og:image\" content=\"https:\/\/dmal.eleves.mediamatique.ch\/Yvonand-Yachting\/wp-content\/uploads\/2024\/06\/rteegjerteoih.webp\" \/>\n\t<meta property=\"og:image:width\" content=\"1024\" \/>\n\t<meta property=\"og:image:height\" content=\"1024\" \/>\n\t<meta property=\"og:image:type\" content=\"image\/webp\" \/>\n<meta name=\"twitter:card\" content=\"summary_large_image\" \/>\n<meta name=\"twitter:site\" content=\"@yvonadyachting\" \/>\n<script type=\"application\/ld+json\" class=\"yoast-schema-graph\">{\"@context\":\"https:\/\/schema.org\",\"@graph\":[{\"@type\":\"WebPage\",\"@id\":\"https:\/\/dmal.eleves.mediamatique.ch\/Yvonand-Yachting\/produit\/yacht-de-luxe\/\",\"url\":\"https:\/\/dmal.eleves.mediamatique.ch\/Yvonand-Yachting\/produit\/yacht-de-luxe\/\",\"name\":\"Yacht de luxe - yvonand-yachting\",\"isPartOf\":{\"@id\":\"https:\/\/dmal.eleves.mediamatique.ch\/Yvonand-Yachting\/#website\"},\"primaryImageOfPage\":{\"@id\":\"https:\/\/dmal.eleves.mediamatique.ch\/Yvonand-Yachting\/produit\/yacht-de-luxe\/#primaryimage\"},\"image\":{\"@id\":\"https:\/\/dmal.eleves.mediamatique.ch\/Yvonand-Yachting\/produit\/yacht-de-luxe\/#primaryimage\"},\"thumbnailUrl\":\"https:\/\/dmal.eleves.mediamatique.ch\/Yvonand-Yachting\/wp-content\/uploads\/2024\/06\/rteegjerteoih.webp\",\"datePublished\":\"2024-06-20T07:52:05+00:00\",\"dateModified\":\"2024-06-20T09:06:44+00:00\",\"breadcrumb\":{\"@id\":\"https:\/\/dmal.eleves.mediamatique.ch\/Yvonand-Yachting\/produit\/yacht-de-luxe\/#breadcrumb\"},\"inLanguage\":\"fr-FR\",\"potentialAction\":[{\"@type\":\"ReadAction\",\"target\":[\"https:\/\/dmal.eleves.mediamatique.ch\/Yvonand-Yachting\/produit\/yacht-de-luxe\/\"]}]},{\"@type\":\"ImageObject\",\"inLanguage\":\"fr-FR\",\"@id\":\"https:\/\/dmal.eleves.mediamatique.ch\/Yvonand-Yachting\/produit\/yacht-de-luxe\/#primaryimage\",\"url\":\"https:\/\/dmal.eleves.mediamatique.ch\/Yvonand-Yachting\/wp-content\/uploads\/2024\/06\/rteegjerteoih.webp\",\"contentUrl\":\"https:\/\/dmal.eleves.mediamatique.ch\/Yvonand-Yachting\/wp-content\/uploads\/2024\/06\/rteegjerteoih.webp\",\"width\":1024,\"height\":1024},{\"@type\":\"BreadcrumbList\",\"@id\":\"https:\/\/dmal.eleves.mediamatique.ch\/Yvonand-Yachting\/produit\/yacht-de-luxe\/#breadcrumb\",\"itemListElement\":[{\"@type\":\"ListItem\",\"position\":1,\"name\":\"Accueil\",\"item\":\"https:\/\/dmal.eleves.mediamatique.ch\/Yvonand-Yachting\/\"},{\"@type\":\"ListItem\",\"position\":2,\"name\":\"Shop\",\"item\":\"https:\/\/dmal.eleves.mediamatique.ch\/Yvonand-Yachting\/shop-2\/\"},{\"@type\":\"ListItem\",\"position\":3,\"name\":\"Yacht de luxe\"}]},{\"@type\":\"WebSite\",\"@id\":\"https:\/\/dmal.eleves.mediamatique.ch\/Yvonand-Yachting\/#website\",\"url\":\"https:\/\/dmal.eleves.mediamatique.ch\/Yvonand-Yachting\/\",\"name\":\"yvonand-yachting\",\"description\":\"\",\"publisher\":{\"@id\":\"https:\/\/dmal.eleves.mediamatique.ch\/Yvonand-Yachting\/#organization\"},\"potentialAction\":[{\"@type\":\"SearchAction\",\"target\":{\"@type\":\"EntryPoint\",\"urlTemplate\":\"https:\/\/dmal.eleves.mediamatique.ch\/Yvonand-Yachting\/?s={search_term_string}\"},\"query-input\":\"required name=search_term_string\"}],\"inLanguage\":\"fr-FR\"},{\"@type\":\"Organization\",\"@id\":\"https:\/\/dmal.eleves.mediamatique.ch\/Yvonand-Yachting\/#organization\",\"name\":\"yvonand-yachting\",\"url\":\"https:\/\/dmal.eleves.mediamatique.ch\/Yvonand-Yachting\/\",\"logo\":{\"@type\":\"ImageObject\",\"inLanguage\":\"fr-FR\",\"@id\":\"https:\/\/dmal.eleves.mediamatique.ch\/Yvonand-Yachting\/#\/schema\/logo\/image\/\",\"url\":\"https:\/\/dmal.eleves.mediamatique.ch\/Yvonand-Yachting\/wp-content\/uploads\/2024\/06\/Yachting-Yvonnand-Slogan_1.png\",\"contentUrl\":\"https:\/\/dmal.eleves.mediamatique.ch\/Yvonand-Yachting\/wp-content\/uploads\/2024\/06\/Yachting-Yvonnand-Slogan_1.png\",\"width\":638,\"height\":366,\"caption\":\"yvonand-yachting\"},\"image\":{\"@id\":\"https:\/\/dmal.eleves.mediamatique.ch\/Yvonand-Yachting\/#\/schema\/logo\/image\/\"},\"sameAs\":[\"https:\/\/facebook.com\/yvonadyachting\",\"https:\/\/x.com\/yvonadyachting\"]}]}<\/script>\n<!-- \/ Yoast SEO plugin. -->","yoast_head_json":{"title":"Yacht de luxe - yvonand-yachting","robots":{"index":"index","follow":"follow","max-snippet":"max-snippet:-1","max-image-preview":"max-image-preview:large","max-video-preview":"max-video-preview:-1"},"canonical":"https:\/\/dmal.eleves.mediamatique.ch\/Yvonand-Yachting\/produit\/yacht-de-luxe\/","og_locale":"fr_FR","og_type":"article","og_title":"Yacht de luxe - yvonand-yachting","og_description":"Explorez les mers avec \u00e9l\u00e9gance \u00e0 bord de notre Yacht de Luxe. Con\u00e7u pour les amateurs de navigation exigeants, ce navire incarne le summum du confort et de la performance. Chaque d\u00e9tail a \u00e9t\u00e9 m\u00e9ticuleusement pens\u00e9, des espaces de vie somptueux \u00e0 la technologie de pointe int\u00e9gr\u00e9e. Que vous souhaitiez des aventures en haute mer [&hellip;]","og_url":"https:\/\/dmal.eleves.mediamatique.ch\/Yvonand-Yachting\/produit\/yacht-de-luxe\/","og_site_name":"yvonand-yachting","article_publisher":"https:\/\/facebook.com\/yvonadyachting","article_modified_time":"2024-06-20T09:06:44+00:00","og_image":[{"width":1024,"height":1024,"url":"https:\/\/dmal.eleves.mediamatique.ch\/Yvonand-Yachting\/wp-content\/uploads\/2024\/06\/rteegjerteoih.webp","type":"image\/webp"}],"twitter_card":"summary_large_image","twitter_site":"@yvonadyachting","schema":{"@context":"https:\/\/schema.org","@graph":[{"@type":"WebPage","@id":"https:\/\/dmal.eleves.mediamatique.ch\/Yvonand-Yachting\/produit\/yacht-de-luxe\/","url":"https:\/\/dmal.eleves.mediamatique.ch\/Yvonand-Yachting\/produit\/yacht-de-luxe\/","name":"Yacht de luxe - yvonand-yachting","isPartOf":{"@id":"https:\/\/dmal.eleves.mediamatique.ch\/Yvonand-Yachting\/#website"},"primaryImageOfPage":{"@id":"https:\/\/dmal.eleves.mediamatique.ch\/Yvonand-Yachting\/produit\/yacht-de-luxe\/#primaryimage"},"image":{"@id":"https:\/\/dmal.eleves.mediamatique.ch\/Yvonand-Yachting\/produit\/yacht-de-luxe\/#primaryimage"},"thumbnailUrl":"https:\/\/dmal.eleves.mediamatique.ch\/Yvonand-Yachting\/wp-content\/uploads\/2024\/06\/rteegjerteoih.webp","datePublished":"2024-06-20T07:52:05+00:00","dateModified":"2024-06-20T09:06:44+00:00","breadcrumb":{"@id":"https:\/\/dmal.eleves.mediamatique.ch\/Yvonand-Yachting\/produit\/yacht-de-luxe\/#breadcrumb"},"inLanguage":"fr-FR","potentialAction":[{"@type":"ReadAction","target":["https:\/\/dmal.eleves.mediamatique.ch\/Yvonand-Yachting\/produit\/yacht-de-luxe\/"]}]},{"@type":"ImageObject","inLanguage":"fr-FR","@id":"https:\/\/dmal.eleves.mediamatique.ch\/Yvonand-Yachting\/produit\/yacht-de-luxe\/#primaryimage","url":"https:\/\/dmal.eleves.mediamatique.ch\/Yvonand-Yachting\/wp-content\/uploads\/2024\/06\/rteegjerteoih.webp","contentUrl":"https:\/\/dmal.eleves.mediamatique.ch\/Yvonand-Yachting\/wp-content\/uploads\/2024\/06\/rteegjerteoih.webp","width":1024,"height":1024},{"@type":"BreadcrumbList","@id":"https:\/\/dmal.eleves.mediamatique.ch\/Yvonand-Yachting\/produit\/yacht-de-luxe\/#breadcrumb","itemListElement":[{"@type":"ListItem","position":1,"name":"Accueil","item":"https:\/\/dmal.eleves.mediamatique.ch\/Yvonand-Yachting\/"},{"@type":"ListItem","position":2,"name":"Shop","item":"https:\/\/dmal.eleves.mediamatique.ch\/Yvonand-Yachting\/shop-2\/"},{"@type":"ListItem","position":3,"name":"Yacht de luxe"}]},{"@type":"WebSite","@id":"https:\/\/dmal.eleves.mediamatique.ch\/Yvonand-Yachting\/#website","url":"https:\/\/dmal.eleves.mediamatique.ch\/Yvonand-Yachting\/","name":"yvonand-yachting","description":"","publisher":{"@id":"https:\/\/dmal.eleves.mediamatique.ch\/Yvonand-Yachting\/#organization"},"potentialAction":[{"@type":"SearchAction","target":{"@type":"EntryPoint","urlTemplate":"https:\/\/dmal.eleves.mediamatique.ch\/Yvonand-Yachting\/?s={search_term_string}"},"query-input":"required name=search_term_string"}],"inLanguage":"fr-FR"},{"@type":"Organization","@id":"https:\/\/dmal.eleves.mediamatique.ch\/Yvonand-Yachting\/#organization","name":"yvonand-yachting","url":"https:\/\/dmal.eleves.mediamatique.ch\/Yvonand-Yachting\/","logo":{"@type":"ImageObject","inLanguage":"fr-FR","@id":"https:\/\/dmal.eleves.mediamatique.ch\/Yvonand-Yachting\/#\/schema\/logo\/image\/","url":"https:\/\/dmal.eleves.mediamatique.ch\/Yvonand-Yachting\/wp-content\/uploads\/2024\/06\/Yachting-Yvonnand-Slogan_1.png","contentUrl":"https:\/\/dmal.eleves.mediamatique.ch\/Yvonand-Yachting\/wp-content\/uploads\/2024\/06\/Yachting-Yvonnand-Slogan_1.png","width":638,"height":366,"caption":"yvonand-yachting"},"image":{"@id":"https:\/\/dmal.eleves.mediamatique.ch\/Yvonand-Yachting\/#\/schema\/logo\/image\/"},"sameAs":["https:\/\/facebook.com\/yvonadyachting","https:\/\/x.com\/yvonadyachting"]}]}},"_links":{"self":[{"href":"https:\/\/dmal.eleves.mediamatique.ch\/Yvonand-Yachting\/wp-json\/wp\/v2\/product\/79","targetHints":{"allow":["GET"]}}],"collection":[{"href":"https:\/\/dmal.eleves.mediamatique.ch\/Yvonand-Yachting\/wp-json\/wp\/v2\/product"}],"about":[{"href":"https:\/\/dmal.eleves.mediamatique.ch\/Yvonand-Yachting\/wp-json\/wp\/v2\/types\/product"}],"replies":[{"embeddable":true,"href":"https:\/\/dmal.eleves.mediamatique.ch\/Yvonand-Yachting\/wp-json\/wp\/v2\/comments?post=79"}],"wp:featuredmedia":[{"embeddable":true,"href":"https:\/\/dmal.eleves.mediamatique.ch\/Yvonand-Yachting\/wp-json\/wp\/v2\/media\/80"}],"wp:attachment":[{"href":"https:\/\/dmal.eleves.mediamatique.ch\/Yvonand-Yachting\/wp-json\/wp\/v2\/media?parent=79"}],"wp:term":[{"taxonomy":"product_cat","embeddable":true,"href":"https:\/\/dmal.eleves.mediamatique.ch\/Yvonand-Yachting\/wp-json\/wp\/v2\/product_cat?post=79"},{"taxonomy":"product_tag","embeddable":true,"href":"https:\/\/dmal.eleves.mediamatique.ch\/Yvonand-Yachting\/wp-json\/wp\/v2\/product_tag?post=79"}],"curies":[{"name":"wp","href":"https:\/\/api.w.org\/{rel}","templated":true}]}}